 r(h) = 3*m(h) + 4*n(h). Suppose -2*f + 13 = 3*f - 3*z, 3*f - 11 = z. Calculate r(f).
-6
Suppose -1 = -3*x + 5. Let t(v) = 2*v - 3 - x*v - 5 + 3*v. Determine t(6).
10
Let k(b) be the second derivative of b**5/20 + b**4/2 - b**3/6 - 3*b**2 + 2*b. What is k(-6)?
0
Let o(z) = -4*z**3 - 4*z**2 - 2*z + 2. Let f(p) = -3*p**3 - 5*p**2 - 2*p + 3. Let x(s) = -3*f(s) + 4*o(s). Let m(c) = -c + 4. Let a be m(5). Give x(a).
7
Let y(s) be the second derivative of -s**3/6 - 2*s**2 - 5*s. Give y(-4).
0
Let r(i) = i**3 - 2*i + 6 - 4*i**2 + i**2 - 7 - 2*i**3. Give r(-3).
5
Let p(t) = -3*t + 3. Let m(s) = 7*s - 7. Let a(u) = 2*m(u) + 5*p(u). Let f(b) = b**3 - 3*b**2 + b - 1. Let w be f(2). Calculate a(w).
4
Suppose 2*x - 6 = -p, 5*p + 9 = p + 3*x. Suppose s + 5*i - 9 = p, 5 = -3*s - 3*i - 4. Let l(f) = f**3 + 5*f**2 - 8*f - 2. Calculate l(s).
10
Let l be (1 + -2)/(-4 - -3). Let y(p) = p**2 - 4*p - 1. Let w be y(5). Let b(f) = -3 - 2*f**2 + 6 - w. Give b(l).
-3
Let l(w) = -w**3 - 8*w**2 - 6*w. Let d be l(-7). Let j(c) = -c**2 - 7*c - 9. What is j(d)?
-9
Let v(w) be the third derivative of -w**6/120 - w**5/12 + w**4/4 + w**3/6 - w**2. Suppose y - 2*j + 1 = -13, 4*j = 4*y + 40. What is v(y)?
1
Let w(d) = -2*d**3 - d**2 - d. Let i(k) = -k**2 + 8*k - 1. Let a be i(7). Let y be 2 - (-3)/((-9)/a). Let z = y + -1. Determine w(z).
2
Suppose 4*a - 5*l - 7 = 1, -3*a + 33 = 3*l. Let j(w) = 2*w - 10. Give j(a).
4
Let u(s) = s - 5. Suppose 3*z - 5*x + 0 - 11 = 0, -z + 2*x = -4. Suppose o + 4*j - 2 = 2, z*o + 5*j = 8. Calculate u(o).
-1
Let a(o) = -o**3 - 9*o**2 - 4*o - 2. Let i(p) = p**3 + 8*p**2 + 3*p + 2. Let c(h) = 4*a(h) + 5*i(h). Suppose 0 = -4*t + 2 + 42. Let z = 7 - t. Determine c(z).
6
Suppose -8 = 2*g + 4*b, 6*b - 2*b = g - 8. Suppose 5*r - 12 = 2*t, g = r - 2*t - 2*t - 6. Let w(p) = -p**3 + p**2 + 2*p. Give w(r).
0
Suppose 0 = z - 2 + 4. Let q(p) = 8*p + 8. Let f(j) = -2*j + 2 + 3*j - 1. Let o(w) = z*q(w) + 14*f(w). What is o(2)?
-6
Let x(g) = -g**2 - 11*g - 13. Let q be x(-9). Let p = -10 + q. Let z(o) = -o**2 - 4*o - 4. Give z(p).
-9
Suppose 7 = 3*t - 2. Let o(m) be the first derivative of -m**5/120 + 2*m**3/3 - 1. Let w(u) be the third derivative of o(u). Give w(t).
-3
Let o(k) be the third derivative of -k**6/120 + k**5/30 + k**4/24 - k**3/6 - 17*k**2. Calculate o(3).
-7
Suppose 3*i = -g - 2*g + 6, 0 = 4*i + 12. Suppose 2*o + 5*t + 31 = 0, 2*o = g*o - t + 4. Let a(k) = k + 3. Calculate a(o).
0
Let j(z) = -z**2 + 2*z - 6. Let m(s) = -s + 11 - 6*s**2 - 4*s + 8*s**2. Let b(d) = 5*j(d) + 2*m(d). Let x be (-2 + 2)/(0 - 1). Determine b(x).
-8
Let m(b) = 7*b**3 - 2*b**2 + b + 1. Let f be m(1). Let y(i) = i - 12. What is y(f)?
-5
Let q(z) = 10*z - 1. Let v(t) = -3*t**2 + 5*t - 1. Let i(n) = 8*n**2 - 15*n + 4. Let g(w) = -4*i(w) - 11*v(w). Let x be g(-6). Give q(x).
9
Let m = 120 - 118. Let t(u) = -u**2 + 1. Let v(c) = -5*c**2 - 4*c + 5. Suppose 0*q - 4*q = 24. Let y(o) = q*t(o) + v(o). Calculate y(m).
-5
Let c(a) = 7*a. Suppose 3*z - 1 = 4*y, -2*z + 3*z + 2*y + 3 = 0. Determine c(z).
-7
Let v(k) = 4*k + 9. Let d(j) = 2*j + 5. Let y(s) = 11*d(s) - 6*v(s). Give y(5).
-9
Let m(n) = 10*n + 7 + 20*n + n**2 - 21*n. Determine m(-9).
7
Let a(j) = -j**2 - 8. Suppose 6*i - 4 = 8. Suppose 1 = -i*c + f, 3*f = -f + 4. Calculate a(c).
-8
Let s(x) = -x**3 - 5*x**2 + x + 1. Let l(n) = n**3 + 9*n**2 + n + 4. Let z be l(-9). What is s(z)?
-4
Let q(g) be the third derivative of -g**5/30 + g**4/12 + g**3/3 + g**2 - 14. Calculate q(4).
-22
Let l(f) = -2*f - f**2 - 3 - 2*f + 2*f**2. Determine l(6).
9
Let q = 89 - 90. Let r(d) = 2*d + 1. Determine r(q).
-1
Suppose -3*t - 2 = -8. Let s(a) = 2*a. What is s(t)?
4
Let j be 25 - 26 - (3 + 0). Let q(o) = -o**2 - 1. Give q(j).
-17
Suppose o + 3*m + 4 = 11, 0 = 2*o + m - 4. Let f(d) = 9 + o - d - 3. Let n(g) = -g - 7. Let l be n(-7). Give f(l).
7
Let w(k) = -k**2 + 7. Suppose -3*z - 3 - 3 = 0. Let d = z + 2. Calculate w(d).
7
Let k(v) = v + 5. Suppose -a = -4*i - 10, -3*a + 5*i - 7 = -65. Suppose -3*b + 2*b = 5*d + a, -5*b - 5*d = 50. Calculate k(b).
-1
Let v be ((-126)/(-28))/((-3)/(-4) - 0). Let i(f) = -3*f + 7. What is i(v)?
-11
Let a(c) = c**2 + 7*c + 9. Let l be a(-6). Let t(h) = -2*h + 0 + h - l + 2*h. Calculate t(4).
1
Let d(t) be the first derivative of 3*t**2/2 + t + 1. Give d(-2).
-5
Let r(m) = -m - 2. Let p = 9 + -8. Suppose h - 3 = p. Suppose c = -h*l + 2, -3*l + 1 = -5. Determine r(c).
4
Let n(j) be the first derivative of j**3/3 - 5*j - 10. Give n(0).
-5
Let k(f) be the first derivative of f - 1/4*f**4 - f**3 + 1/2*f**2 - 1. What is k(-2)?
-5
Let d(y) = -y**3 - 11*y**2 - 10*y - 6. Let l = 97 - 107. Determine d(l).
-6
Suppose -2*q - 10 = -26. Suppose y - 3 = -q. Let t(p) be the first derivative of -p**4/4 - 5*p**3/3 - p**2/2 - 2*p - 7. Calculate t(y).
3
Suppose -3*m = -0*m + b + 49, 5*b = -2*m - 50. Let y = -17 - m. Let u(v) = 2*v + 2. Determine u(y).
-2
Let s(r) = -4*r. Let i(q) = 17*q. Let f(b) = 6*i(b) + 26*s(b). Let l(w) = -w**3 - w**2 - w - 6. Let g be l(0). Let z be 3*((-4)/g)/2. Give f(z).
-2
Let m(d) = -4*d**3 - 4*d**2 - 6*d + 8. Let y(k) = 3*k**3 + 3*k**2 + 5*k - 7. Let q(j) = -4*m(j) - 5*y(j). Give q(0).
3
Suppose 0 = -0*g + g. Suppose 2*j - 7 = 1. Let a be 0*(g + 2/j). Let q(c) = -c**3 - c**2 - c + 13. Calculate q(a).
13
Suppose 4*m = -5*v + 13, 5*v - 21 = 3*m + 13. Let a(i) = 7*i + 1. What is a(m)?
-20
Let t(r) = -r - 1. Suppose -8 - 4 = -2*y. What is t(y)?
-7
Let q(g) be the second derivative of -g**3/6 - 3*g**2/2 + 10*g. Calculate q(7).
-10
Let s(z) = -z**2 + 4*z. Let x be s(4). Let u(n) = 2 + 2*n**2 + 2 - 3*n**2. Give u(x).
4
Let l(p) = -p**3 - 5*p**2 - 2*p. Let s = 33 + -38. Give l(s).
10
Let l(i) be the third derivative of i**5/12 + i**4/8 + i**3/6 + 3*i**2. Calculate l(-2).
15
Let n(s) = 3*s + 1 + 0 + 3 - 2*s. Let r be n(0). Let m(q) = 2*q - 4. Give m(r).
4
Let x(s) = s + 74 - 74. What is x(-6)?
-6
Suppose -4*p + 4*z - 5*z = 17, 19 = -2*p + 3*z. Let f(l) = l**3 - l**2 - l + 1. Let v(q) = -2*q**3 - 3*q**2 + 4*q - 3. Let d(w) = f(w) + v(w). Calculate d(p).
8
Let q(t) = t**2. Suppose 0 = 3*p + b + 2 + 9, 0 = 3*p + 2*b + 16. Calculate q(p).
4
Let i(p) be the second derivative of p**6/360 - p**5/60 + p**4/24 - 2*p**3/3 - 5*p. Let m(a) be the second derivative of i(a). Give m(1).
0
Let n be 4*6*4/24. Let j(z) = -3*z + 8. What is j(n)?
-4
Suppose 2*k - 10 = 0, 5*a = 4*a + 5*k - 27. Let l = -2 - -3. Let s(d) = -1 + 3*d - 6*d - l. Give s(a).
4
Let c(x) be the third derivative of -7*x**5/120 - x**4/24 + x**3/3 - 2*x**2. Let m(d) be the first derivative of c(d). What is m(1)?
-8
Let d(v) be the third derivative of -v**6/180 + v**5/120 + v**4/24 + v**3 - 5*v**2. Let w(g) be the first derivative of d(g). Determine w(2).
-5
Let p(n) = n - 4. Let y = 14 - -1. Let f = y - 10. Let o be -7 + f + (-4)/(-2). What is p(o)?
-4
Let l be (-2)/4*(-7 - -33). Let v(a) = 2*a**2 + 19*a + 3. Let f(u) = u**2 + 9*u + 1. Let n(c) = l*f(c) + 6*v(c). Calculate n(-5).
-5
Let g(s) = -2*s + 4*s - s + 8 + 0*s. Determine g(-4).
4
Let v(f) = -f - 5. Let l be v(-11). Let x(b) = b**2 - 6*b + 9. Let z be x(l). Let i = z + -13. Let q(c) = -c**2 - 4*c + 4. Give q(i).
4
Let i(x) = 2*x + 2*x + 6*x**2 + 2 - x**3 - 4*x. Let p be i(6). Suppose -5*r - 35 = 5*z, p*r + 6*z = 2*z - 24. Let o(d) = -d - 4. Calculate o(r).
-2
Let x(p) = p - 3. Let i(s) = -s. Let r(n) = 2*i(n) + x(n). What is r(-4)?
1
Let k(d) be the second derivative of 0 - d**2 + 1/3*d**3 - 3*d. Calculate k(-2).
-6
Let f(m) = 5*m**3 - 2*m + 13*m**2 - 11*m**2 + 1 - 17*m**3. Give f(1).
-11
Suppose -13 - 12 = -5*a. Suppose k = -3*k + 16. Let l(q) = -k + a + 3 + q. What is l(-5)?
-1
Let g(c) = 8*c**2 + 6*c + 3. Let s(n) = 7*n**2 + 5*n + 2. Let d(m) = 6*g(m) - 7*s(m). Give d(3).
-2
Let z(v) = -v**2 - 3*v - 3. Suppose -3 = -5*s + 6*s. Determine z(s).
-3
Let l(b) = -2*b + 1. Suppose -1 - 8 = -3*o. What is l(o)?
-5
Let r(m) = m + 0 + 2 + 0*m. Suppose 5*l + 7 = -4*u, 0 = -2*u - 0*u - 2*l - 4. Calculate r(u).
-1
Let a(t) = -2*t + 6. Let q(s) = -s**3 + 10*s**2 + 12*s - 4. Let v be q(11). Give a(v).
-8
Let u be (-1)/1 + (-12)/3. Let z(n) = -n**2 - 7*n - 4. Determine z(u).
6
Suppose 2*x = 14 - 0. Suppose -r - 3*b + 7 = 0, -5*r = b - x - 14. Suppose -3*y = 3*w + 24, r = -3*w - 3*y + 5*y. Let k(f) = 2*f + 4. What is k(